 by 21?
17
Calculate the remainder when 353 is divided by 45.
38
Calculate the remainder when 2582 is divided by 19.
17
Calculate the remainder when 149 is divided by 22.
17
What is the remainder when 195 is divided by 46?
11
Calculate the remainder when 442 is divided by 111.
109
Calculate the remainder when 1 is divided by 1.
0
What is the remainder when 51 is divided by 36?
15
What is the remainder when 656 is divided by 611?
45
What is the remainder when 96 is divided by 78?
18
Calculate the remainder when 1999 is divided by 29.
27
What is the remainder when 288 is divided by 135?
18
Calculate the remainder when 881 is divided by 101.
73
What is the remainder when 173 is divided by 22?
19
What is the remainder when 3485 is divided by 22?
9
What is the remainder when 178 is divided by 20?
18
What is the remainder when 2399 is divided by 185?
179
What is the remainder when 323 is divided by 70?
43
Calculate the remainder when 58 is divided by 17.
7
Calculate the remainder when 693 is divided by 87.
84
Calculate the remainder when 43 is divided by 40.
3
What is the remainder when 1176 is divided by 19?
17
Calculate the remainder when 95 is divided by 27.
14
Calculate the remainder when 950 is divided by 6.
2
Calculate the remainder when 95 is divided by 93.
2
What is the remainder when 2679 is divided by 18?
15
What is the remainder when 886 is divided by 90?
76
Calculate the remainder when 106 is divided by 32.
10
What is the remainder when 1078 is divided by 30?
28
Calculate the remainder when 2305 is divided by 291.
268
What is the remainder when 1374 is divided by 97?
16
Calculate the remainder when 221 is divided by 25.
21
Calculate the remainder when 526 is divided by 88.
86
Calculate the remainder when 433 is divided by 19.
15
Calculate the remainder when 22 is divided by 15.
7
What is the remainder when 417 is divided by 20?
17
What is the remainder when 140 is divided by 6?
2
Calculate the remainder when 82 is divided by 44.
38
Calculate the remainder when 1691 is divided by 141.
140
What is the remainder when 66 is divided by 57?
9
Calculate the remainder when 35 is divided by 8.
3
What is the remainder when 35 is divided by 12?
11
What is the remainder when 121 is divided by 57?
7
Calculate the remainder when 612 is divided by 61.
2
What is the remainder when 21248 is divided by 9?
8
What is the remainder when 571 is divided by 115?
111
What is the remainder when 517 is divided by 288?
229
What is the remainder when 44 is divided by 33?
11
What is the remainder when 64 is divided by 16?
0
Calculate the remainder when 183 is divided by 84.
15
What is the remainder when 2179 is divided by 104?
99
Calculate the remainder when 1397 is divided by 19.
10
What is the remainder when 1104 is divided by 72?
24
What is the remainder when 75 is divided by 33?
9
What is the remainder when 10863 is divided by 22?
17
Calculate the remainder when 1316 is divided by 70.
56
What is the remainder when 9594 is divided by 95?
94
What is the remainder when 333 is divided by 4?
1
What is the remainder when 557 is divided by 30?
17
Calculate the remainder when 7091 is divided by 120.
11
What is the remainder when 421 is divided by 96?
37
What is the remainder when 5215 is divided by 37?
35
What is the remainder when 796 is divided by 224?
124
What is the remainder when 1484 is divided by 187?
175
Calculate the remainder when 286 is divided by 17.
14
What is the remainder when 201 is divided by 70?
61
What is the remainder when 20 is divided by 11?
9
Calculate the remainder when 9316 is divided by 121.
120
Calculate the remainder when 837 is divided by 35.
32
What is the remainder when 347 is divided by 87?
86
Calculate the remainder when 384 is divided by 170.
44
What is the remainder when 134 is divided by 14?
8
Calculate the remainder when 16 is divided by 9.
7
What is the remainder when 1131 is divided by 14?
11
Calculate the remainder when 339 is divided by 53.
21
Calculate the remainder when 203 is divided by 106.
97
Calculate the remainder when 851 is divided by 121.
4
Calculate the remainder when 274 is divided by 23.
21
Calculate the remainder when 189 is divided by 7.
0
Calculate the remainder when 133 is divided by 71.
62
What is the remainder when 94 is divided by 85?
9
Calculate the remainder when 131 is divided by 20.
11
What is the remainder when 1376 is divided by 27?
26
Calculate the remainder when 1056 is divided by 23.
21
What is the remainder when 206 is divided by 56?
38
What is the remainder when 422 is divided by 47?
46
What is the remainder when 218 is divided by 204?
14
What is the remainder when 467 is divided by 98?
75
Calculate the remainder when 281 is divided by 47.
46
Calculate the remainder when 407 is divided by 3.
2
Calculate the remainder when 1279 is divided by 32.
31
Calculate the remainder when 709 is divided by 103.
91
Calculate the remainder when 3145 is divided by 36.
13
Calculate the remainder when 85 is divided by 81.
4
What is the remainder when 2279 is divided by 191?
178
What is the remainder when 66 is divided by 25?
16
What is the remainder when 9 is divided by 6?
3
What is the remainder when 3148 is divided by 1037?
37
What is the remainder when 693 is divided by 12?
9
Calculate the remainder when 790 is divided by 4.
2
What is the remainder when 1246 is divided by 69?
4
What is the remainder when 79 is divided by 52?
27
What is the remainder when 31 is divided by 28?
3
What is the remainder when 24 is divided by 3?
0
Calculate the remainder when 2231 is divided by 18.
17
What is the remainder when 178 is divided by 91?
87
Calculate the remainder when 44 is divided by 13.
5
What is the remainder when 163 is divided by 85?
78
Calculate the remainder when 256 is divided by 52.
48
Calculate the remainder when 135 is divided by 14.
9
Calculate the remainder when 4355 is divided by 121.
120
What is the remainder when 5585 is divided by 35?
20
Calculate the remainder when 432 is divided by 158.
116
Calculate the remainder when 12573 is divided by 24.
21
Calculate the remainder when 94 is divided by 28.
10
Calculate the remainder when 435 is divided by 145.
0
What is the remainder when 382 is divided by 9?
4
Calculate the remainder when 174 is divided by 89.
85
What is the remainder when 2384 is divided by 45?
44
Calculate the remainder when 208 is divided by 26.
0
Calculate the remainder when 350 is divided by 68.
10
What is the remainder when 15382 is divided by 8?
6
Calculate the remainder when 3193 is divided by 5.
3
Calculate the remainder when 219 is divided by 211.
8
Calculate the remainder when 633 is divided by 314.
5
Calculate the remainder when 195 is divided by 20.
15
What is the remainder when 4810 is divided by 29?
25
Calculate the remainder when 102 is divided by 38.
26
Calculate the remainder when 918 is divided by 81.
27
What is the remainder when 525 is divided by 168?
21
Calculate the remainder when 218 is divided by 105.
8
What is the remainder when 347 is divided by 70?
67
Calculate the remainder when 1499 is divided by 372.
11
Calculate the remainder when 6866 is divided by 68.
66
What is the remainder when 68 is divided by 19?
11
What is the remainder when 34 is divided by 34?
0
What is the remainder when 278 is divided by 136?
6
Calculate the remainder when 452 is divided by 58.
46
Calculate the remainder when 1490 is divided by 8.
2
Calculate the remainder when 747 is divided by 44.
43
What is the remainder when 95 is divided by 23?
3
What is the remainder when 111 is divided by 100?
11
Calculate the remainder when 3374 is divided by 69.
62
What is the remainder when 67 is divided by 9?
4
What is the remainder when 144 is divided by 5?
4
What is the remainder when 155 is divided by 12?
11
What is the remainder when 144 is divided by 38?
30
Calculate the remainder when 199 is divided by 40.
39
What is the remainder when 1062 is divided by 74?
26
What is the remainder when 53 is divided by 23?
7
Calculate the remainder when 1516 is divided by 33.
31
What is the remainder when 40 is divided by 4?
0
What is the remainder when 176 is divided by 6?
2
Calculate the remainder when 2063 is divided by 77.
61
What is the remainder when 795 is divided by 40?
35
Calculate the remainder when 1629 is